+ 9504 = 3*q. Is q composite?
True
Suppose 2*l - 7 = -4*b + 1, 4*b = -3*l + 12. Suppose -n = -4*q + 9745, 9736 = l*q - 5*n + n. Is q composite?
False
Is 40/(-8)*2026/(-2) prime?
False
Let z(k) = 28*k + 45. Let i(y) = -y**2 + y - 1. Let a(n) = i(n) - z(n). Is a(-23) prime?
False
Let k(f) = 3*f**3 + 5*f**2 - 2*f + 1. Let l be k(-6). Let v = 776 + l. Is v a prime number?
False
Suppose -113*s = -123*s + 250030. Is s a prime number?
False
Suppose 5 + 1 = x. Suppose 3*v = x*v - 3777. Is v a composite number?
False
Let k(s) be the first derivative of -41*s**4/24 + s**3 - 3*s**2 - 4. Let h(w) be the second derivative of k(w). Is h(-7) a prime number?
True
Let m(p) = -p**3 - p**2 + p - 24. Let w be m(0). Let v(b) = 18*b + 1. Let y be v(-6). Let s = w - y. Is s prime?
True
Suppose 3*n - 20 = -7*n. Let h(a) = 287*a**2 + 5*a - 7. Is h(n) a prime number?
True
Suppose -5*g + 235 = 3*o, g - o = 4*o + 19. Suppose -39*k - 5015 = -g*k. Is k prime?
False
Let p(c) = 7*c**2 + 15*c - 1. Let f be 16/(-24) + (-31)/3. Is p(f) a composite number?
True
Suppose -7054 = -2*g - 5*m, 0 = -4*g - m + 8928 + 5144. Is g a prime number?
True
Let o = -11893 - -21834. Is o prime?
True
Is 3/(-18)*(31 - 29197) a composite number?
False
Let h = 64840 - 44439. Is h a composite number?
True
Let u be (-6)/9 + 4/30*5. Suppose u = 2*r + 2*r - 10820. Is r a prime number?
False
Let j be ((-6584)/(-16))/(2/(-12)). Let c = j - -3920. Is c prime?
True
Let m(w) = -1 - 10*w + 2*w - 12*w. Let l be (-42)/70 - (-4)/(-10). Is m(l) composite?
False
Suppose 4*z + c - 94 = -17, 56 = 2*z + 4*c. Suppose -4*n = -2*a - 12, -5*a = 5*n - 3*n + z. Is 1 + 2328/(4/n) prime?
False
Let d(t) = 166*t**2 + 51. Is d(-5) composite?
False
Suppose u = -3*t + 4629, -2*u = -t + u + 1543. Suppose -52*q = -53*q + t. Is q a composite number?
False
Let q(n) = 9*n**3 - n - 5. Let l be 3/(-12)*-2*6. Let c be q(l). Let t = 378 - c. Is t a prime number?
False
Let z = 59661 + -33038. Is z a prime number?
False
Suppose -15165 + 2214 = -t + 5*n, -25902 = -2*t - 5*n. Suppose 0 = -13*r + 4*r + t. Is r a prime number?
True
Suppose -2*i = i - 66. Let l(q) = 3 - 20*q**2 + i*q**2 - 3*q + 89*q**2 + 45*q**2. Is l(2) composite?
False
Suppose 464*l - 3686057 = 445*l. Is l a prime number?
True
Is (1 + -3 + (-15917)/3)*-3 a composite number?
False
Let t be (-56)/(-26) - 18/117. Suppose 2*r + n = 5*r - 1253, -r - t*n + 427 = 0. Is r a composite number?
False
Let k(h) = 21*h**2 + 8*h + 16. Let x(l) = -l**3 - 2*l**2 + 1. Let g(i) = -k(i) - 2*x(i). Is g(13) composite?
False
Suppose -448*y + 10 = -458*y. Suppose 5*c + g = 51 - 8, 55 = 5*c + 5*g. Is (c + y)*106/2 a composite number?
True
Let u be 40/(-1) + 0/6. Let y be (-7 + -1)*10/u. Is y - (3/(-3) - 124) a prime number?
True
Let c = -8219 - -12325. Let u = c + -2707. Is u a prime number?
True
Let u = 34 + -32. Is 4109*((-8)/u - (0 - 5)) a prime number?
False
Let c(p) = -p**2 + 16*p - 20. Let l be c(15). Let d(o) = 44*o**2 + 9*o + 12. Is d(l) prime?
False
Let b(m) = -3496*m - 29. Is b(-9) prime?
False
Suppose 4*d = 3*d - 4*d. Suppose 5*x = -2*q + 10193, d = -4*q - 0*q - 4. Is x a composite number?
False
Is 3/(252/5172)*203 a prime number?
False
Let q(f) = 111*f - 1. Let n(x) = x. Let w(v) = -3*n(v) - q(v). Is w(-1) composite?
True
Suppose 12*n - 37958 = 8*n - v, 0 = -4*n + 5*v + 37946. Is n composite?
True
Suppose 7*t = 19*t - 1212. Suppose 0 = 3*m - 9, -t - 70 = -3*d + 2*m. Is d a composite number?
False
Suppose -5*q - 4*j + 62 = 0, q - 5*j = -4 - 1. Suppose -2*z = q, 0*z = -n + 4*z + 16. Is 1009/(4*(-1)/n) prime?
True
Let t = 7514 - 4465. Is t composite?
False
Is (13812/(-24))/((-5)/10) prime?
True
Let k(n) = -4200*n**3 + 3*n**2 - n - 3. Is k(-1) a composite number?
False
Let r = 2916 + 573. Is (-12)/(-18)*r/2 a prime number?
True
Suppose 5*k - 88 = -3*d + 57, -d - 4*k + 60 = 0. Is ((-28144)/d)/(8/(-20)) composite?
False
Let y = -1599 - -2434. Suppose 2*t - y = 3*d, 3*t - 5*d - 1081 = 171. Is t composite?
False
Let h = -595 + 1068. Let d = h + 461. Is d a prime number?
False
Let j(q) = -2*q**2 + 2*q + 1. Let o be 2/((4 - 8)/(-4)). Let t be j(o). Is 1/(t/(-1341)*3) a prime number?
True
Is (13864/18)/(34/153) a composite number?
True
Let w(u) = u**3 + 4*u**2 + u + 8. Let l be w(-4). Suppose 0 = l*t - 474 - 1402. Is t a composite number?
True
Let v = 82 + -66. Let s = v - -550. Is s a composite number?
True
Suppose -5 = p - 1. Let q(a) = -a - 1. Let j be q(p). Suppose -j*y + y = -102. Is y a prime number?
False
Suppose -5*h - 28 = -4*r - 0*h, 0 = h + 4. Let n(d) = 90*d**2 - 2*d + 3. Is n(r) prime?
True
Suppose -1104 = 3*i - 3*v, -1848 = 5*i - 0*v - v. Suppose -80*s + 67*s - 8307 = 0. Let u = i - s. Is u a prime number?
True
Suppose 2*w - 4*w + 5*t + 16667 = 0, -2*w + 2*t + 16652 = 0. Is w a prime number?
False
Let g(r) = -r**3 - 6*r**2 - 3*r - 13. Let a be g(-6). Suppose -21 = -12*y + a*y. Is ((-1)/y)/((-3)/9441) a composite number?
False
Let h be (-1)/(-4 - (-1338)/334). Let x = -4 - h. Is x composite?
False
Let n = -5 + 56. Let c = -157 + 516. Suppose z + 4*z - n = -p, z + c = 5*p. Is p prime?
True
Suppose 3*i - 40 = 3*b - 7, i - 2 = -2*b. Is ((-2)/i)/((-3)/7044) composite?
False
Let g be ((-8)/(-28))/(2/14). Suppose g*a - w - 612 - 287 = 0, -4*a + 1795 = -3*w. Is a prime?
False
Let b be ((-1)/(-2))/(4/(-24)). Let m be ((-31)/b)/(3/(-18)). Let l = 151 + m. Is l prime?
True
Suppose -5*g + 1384 = -2751. Suppose -g = -3*i + 70. Is i a prime number?
False
Let p(i) = -9*i**3 + 9*i**2 - 3*i - 7. Let b be p(8). Let t = b + 6842. Is t a composite number?
True
Let d = 20327 - 13870. Is d a composite number?
True
Is 14384/3*(-72)/(-48) - -1 composite?
False
Let h(g) = 20528*g**2 + 2*g. Let y be h(-1). Suppose -10*o = -4*o - y. Is o prime?
False
Let g(l) = 150*l - 31. Suppose -30 = -78*a + 73*a. Is g(a) a prime number?
False
Let l = -373 + 237. Let s = l + 837. Is s a composite number?
False
Let i = -160 + 239. Suppose 54 = -o - o - 2*v, 3*o + 5*v + i = 0. Is -15*o/6 - -1 composite?
False
Let j(b) = b**3 + 6*b**2 + 4*b - 1. Let m be 1/(((-2)/(-1))/(-10)). Let f be j(m). Suppose -3*a - 266 = -2*g, f*g + a + 4*a = 488. Is g prime?
True
Let y(s) = -s**3 + 35*s**2 + 33*s + 32. Is y(15) prime?
False
Let l = -16 - -20. Suppose -3*x - q + 971 = l*q, -5*x + 1581 = -q. Suppose 4*y = u + x, -y + 5*y + u = 315. Is y a composite number?
False
Suppose 5*h + 51 = 2*y, -5*y + 7*y + 30 = -4*h. Let a be -9*(12/h)/4. Suppose a*b - 119 - 10 = 0. Is b a prime number?
True
Let z = -1376 - 83. Let h = -720 - z. Is h a composite number?
False
Suppose 5*z + 761 - 3301 = 0. Suppose -7*l = -6*l - z. Let b = l - 317. Is b prime?
True
Suppose 0 = t - 1. Let z be (-145)/10 + (-2)/(-4). Is z/((-297)/291 + t) composite?
True
Suppose z - 3*j - 5 = -13, j = -5*z - 40. Let d(c) = c**3 + 11*c**2 + 9*c + 1. Let r be d(z). Suppose -3*g + 502 = 4*o, o - g = -4*g + r. Is o composite?
False
Let x(c) = 3*c**2 - 23*c - 4. Let u be x(8). Suppose u*y = 3291 + 5917. Is y a prime number?
False
Let l = 75 + -69. Suppose 0*b + 3222 = l*b. Is b prime?
False
Let k = 10100 + -5751. Is k a prime number?
True
Let u(c) = 106*c + 2. Let o be u(-4). Let m be 4/(-8)*1*o. Let q = 465 - m. Is q a composite number?
True
Suppose 0 = -2*u - 3*i + 7*i - 20, -3*u - 4*i = 0. Let m(x) = -5*x**3 - x**2 - 3*x - 9. Is m(u) a prime number?
True
Suppose -3*q + 12 = 0, -9539 = -6*y + 5*y - 3*q. Is y a composite number?
True
Let q = -2973 + 46988. Is q a prime number?
False
Let z = 438 + 1921. Is z a prime number?
False
Suppose 2*f - 3*o - 6475 = -2*f, -f + o = -1618. Is f a prime number?
True
Let d be (6/7)/((-4)/(-14)). Is d - (-382)/1 - -4 prime?
True
Let d be (36/30)/(2/5). Suppose -11 = -3*n - 2, -d*v - 6 = -5*n. Is 0 - (0 + v + -40) prime?
True
Suppose 3*o + 3*o = 10410. Is o a composite number?
True
Let g(h) = 338*h - 389. Is g(32) a composite number?
False
Suppose 7*w = w. Suppose w = 3*v - 7 - 17. Suppose -2995 = -13*g + v*g. Is g a prime number?
True
Suppose 0 = 21*o - 16*o - 2785. Suppose 5*k + o = n, 5*k + 557 = n + k. Is n a composite number?
False
Let p(i) = 269*i**3 + i. Let z(g) = -537*g**3 - 3*g. Let v(u) = 5*p(u) + 2*z(u). Let b be v(2). Let f = -1279 + b. Is f a prime number?
True
Let g(z) = 2*z**2 - 6*z + 25. Let x(v) = v**2 + v. Let j(p) = g(p) + x(p). I